- 844046, -2*i + 422002 = 130*r - 128*r. Is r prime?
True
Suppose -2*q = 23*q + 1750. Is 101676/15 - 42/q prime?
True
Let f(r) be the second derivative of -235*r**3/3 + 71*r**2/2 - 56*r. Is f(-15) a prime number?
True
Let f(k) = 3*k**3 - 21*k**2 + 15*k - 61. Let a(d) = -2*d**3 + 20*d**2 - 15*d + 61. Let n(o) = -4*a(o) - 3*f(o). Is n(-20) composite?
False
Let f be 1/(6/4) + (-205170)/(-45). Let q be (18/(-5))/(18/f). Let s = q - -1310. Is s a prime number?
False
Suppose 3*b + 2*x + 36826 = 200274, -54450 = -b + 4*x. Is b prime?
False
Let d(x) = 18*x**3 + 11*x**2 + 3. Let w(g) = -6*g**3 - 4*g**2 - 1. Let s(c) = -4*d(c) - 11*w(c). Let o be s(-1). Is (o/15)/((-3)/(-4788)*4) a composite number?
True
Suppose -1 = -5*f - 3*p, f + 3*p - 8 = 5*p. Let z(k) be the third derivative of 8*k**5/15 - k**4/12 + k**3/2 + 3*k**2. Is z(f) a prime number?
True
Suppose 2*x + 42696 = 4*m, 5*x - 18888 = -3*m + 13095. Is m composite?
True
Let i(l) = -8*l**2 + 15*l - 11. Let m(a) = 7*a**2 - 14*a + 15. Let y(x) = -4*i(x) - 3*m(x). Is y(4) a composite number?
False
Suppose -v + 0*v = 2*l - 2214, -3*l + 3321 = 4*v. Suppose -l - 300 = -2*y + m, -2109 = -3*y + m. Let j = y + 1159. Is j a prime number?
True
Is ((-9)/6*-1)/(78/584428) composite?
False
Suppose -1166271 = 496*v - 499*v. Is v a composite number?
False
Is 176768345/1105 + 24/(-68) a composite number?
True
Let g = 120 - 115. Suppose 3*l = -n + 815, -12*n + 13*n - 1357 = -g*l. Is l a prime number?
True
Suppose 7*w + 456 = 13*w. Suppose -159 - w = -5*j. Is j a prime number?
True
Suppose -93376 = -l + 65*x - 66*x, -3*x = -15. Is l composite?
False
Suppose -3*c - 6 = 0, 0 = 2*g - 5*c - 657332 - 1359544. Is g composite?
False
Let y be (-33)/(-12) - 2/(-8). Suppose 0 = y*i + 2155 + 527. Let s = 1577 + i. Is s a composite number?
False
Let t be ((-1)/3)/(13/39). Is ((-34558)/(-4) + -11)*(3 + t) a prime number?
True
Let y(f) = 70380*f + 517. Is y(6) composite?
False
Let l be (-656)/(-4) - (2 - 0/1). Suppose -x = -4*x + l. Suppose -5*p - 2*t + 525 = 0, -2*t + x = 4*p - 368. Is p prime?
True
Let r(m) = -5*m - 13. Let t be r(-12). Let x = t - 49. Is 41261/88 - x/16 a composite number?
True
Suppose -21*s - 15 = -16*s. Is 1*(-988 - 3)*15/s a prime number?
False
Suppose -a = 3*o - 2 - 422, -a + 416 = -5*o. Suppose 52*h = -10374 - 1777 - 121. Let u = h + a. Is u a composite number?
True
Let a(k) = 10243*k**2 + 4*k - 48. Is a(-5) a prime number?
False
Let i be ((-10)/25)/(6/120)*-418. Suppose 4*l - 17485 = -325. Suppose 2*b - l - i = 0. Is b a composite number?
True
Suppose 5*v - 69 = 156. Is (-12025 - v/(-3))*(-1)/2 prime?
False
Is -2 + 14/(-5)*(-20)/14 - -15781 prime?
False
Suppose 6*d + 4 = -b + 3*d, -2*d - 10 = -3*b. Suppose 3*g = -h + 20529 - 5962, 0 = -b*g. Is h prime?
False
Suppose -20 = -3*w - 2*w. Suppose -4*d - 716 = -w*z - 2692, z + 985 = 2*d. Suppose -b + q = -894, -2*b + q = -d - 1292. Is b a prime number?
False
Let l(b) = -386*b - 51. Let w = -299 + 284. Is l(w) composite?
True
Let m(o) = 8057*o**2 - 30*o - 30. Is m(-1) composite?
True
Suppose 0 = 4*m + 3*m + 497. Is ((-4)/1)/((-4)/3) - m prime?
False
Is (-5 - 143/(-22))/((-608043)/304026 - -2) prime?
True
Let z(w) = -7*w + 18. Let o be z(6). Let i = o + 25. Is i/(-2 - -1) + 17424/11 prime?
True
Is (492/(-48) + 10)*-203332 prime?
True
Let o(d) = -61*d**3 + 2*d**2 - 3*d - 7. Let z be o(-3). Suppose -7099 = -8*m - z. Is m a composite number?
True
Suppose 6458*p - 89330 = 6456*p. Is p a prime number?
False
Let p = -85 + 93. Suppose 16 = -4*q, -2*o + p*q - 4*q + 400 = 0. Let v = o + 287. Is v a composite number?
False
Let s(n) = 64691*n**2 - 42*n - 42. Is s(-1) a prime number?
False
Suppose 17*f + 19791 = -54941. Let h = f - -6243. Is h composite?
False
Let k(y) = 33122*y**2 + 317*y + 12. Is k(-5) a composite number?
False
Is -2 + (207/(-23))/(29784/29788 - 1) prime?
True
Suppose 0 = 4*c - 2*c - 10, -5*h + c - 235 = 0. Is -1 - 13271/h*1*8 a prime number?
False
Let k = 39125 - -30428. Is k a prime number?
False
Is (-9 + 0)/1 - (-7125 - -77) a prime number?
True
Let d(m) = 486*m**3 - 5*m**2 - 6*m - 5. Let i be d(-4). Let l = 21582 + i. Is (2 - 4)/(14/l) composite?
True
Suppose -4346 = -a - 5*y - 67, 17179 = 4*a - y. Let r = a + -2477. Is r a prime number?
False
Let n = 74016 - 29321. Suppose 378*m = 385*m - n. Is m composite?
True
Let a be -73640 - 7/((-21)/(-9)). Let y = -9534 - a. Is y prime?
True
Is (-5524355)/(-105) + (-1)/3 + 27/63 a composite number?
True
Let c(y) = 5*y**3 - 2*y**2 - 7*y - 9. Let b be c(-4). Let g = b + 662. Is g composite?
True
Let y(c) be the second derivative of c**4/4 - c**3 + 4*c**2 + 11*c. Let w be y(-6). Suppose -82 = -5*p + 3*m + 100, w = 4*p + 4*m. Is p prime?
True
Suppose 56*f - 51*f - 40 = 0. Suppose 4*h - 43988 = -3*s, f = -2*h + s + 22002. Is h prime?
False
Let a be (-1 + -3700)*(-11)/11. Let x = 10234 - a. Is x a composite number?
True
Is 413703*(-22)/(-66) + 8 a composite number?
False
Let o = -211 - -219. Suppose 8350 = o*j + 2486. Is j a prime number?
True
Suppose -3*b + 56 - 50 = 0. Suppose b*l - 6694 = 4972. Is l prime?
False
Suppose -33*t + 4305 = -30*t. Suppose 39*l - 34*l - t = 0. Is l composite?
True
Let x be ((-12)/(-18))/((-1)/(-3)). Suppose 3*k + 24 = -3*k. Is k/8 - (-1263)/x composite?
False
Let u = 800471 - 517294. Is u a composite number?
True
Suppose w + 9450 = 4*z - 9997, 5*z - 24320 = 5*w. Is z prime?
True
Let z be (-4 - (-13722)/(-15))/(46/(-115)). Suppose -5*g + 16034 = 4*w, 3*w + 3*g = 2*w + 4005. Suppose -w = -4*s + z. Is s a prime number?
False
Let y(s) = 3*s**2 - 87*s + 64. Let k be y(28). Is (-18)/15 - (0 - (-69844)/k) a prime number?
True
Is 3026/(-89)*797/(-2) prime?
False
Suppose -26*a - 5*i = -25*a - 840542, 0 = 5*a + 5*i - 4202650. Is a composite?
True
Let d = 55086 - 32473. Is d a composite number?
False
Let n be 4599/(-15) + (-4)/10. Let k = 370 - n. Is k composite?
False
Suppose 68*x - 2014624 = -916071 + 2213251. Is x prime?
False
Suppose 335 = 40*v - 25. Is (99894/v)/(68/102) prime?
True
Let m = -277490 + 394327. Is m a composite number?
True
Let y(w) = -w**3 - 2*w**2 - 2*w + 6. Let t be y(-3). Let z be (-6)/t + (-838)/7. Is (4476/10)/((-48)/z) prime?
False
Suppose 29*f - 411352 = 11091. Is f composite?
True
Let c(m) = 2458*m - 5947. Is c(56) prime?
True
Let p = -12560 + 2663. Let l = -4636 - p. Is l a prime number?
True
Let s be -5*(-36)/20 + -6. Is ((-2)/15*s)/(4/(-22870)) a prime number?
True
Suppose -3*r - 320647 = -2*n - 74667, -3*r = n - 122999. Is n composite?
True
Suppose 3*r + 21 = -0*r, -2*c = r - 704359. Is c a composite number?
True
Suppose -6*s + 1085634 - 1181451 = -4535727. Is s a prime number?
False
Let l(x) = 32*x**2 + 2*x - 20. Let c be l(-8). Let p = -370 + c. Let a = p + -57. Is a a prime number?
False
Is 727 + -1 - (-37 + 22 + 22) a composite number?
False
Suppose 4*s + 18*z - 49594 = 21*z, 61973 = 5*s - 7*z. Is s a composite number?
True
Let r(n) = -15 - 7*n - 6*n + 6*n + n + 6*n**2. Let g be r(-8). Suppose -4089 = -3*o + g. Is o a composite number?
True
Let j = 42 - 35. Suppose 4*w - j*h + 2*h = 32257, -5*w - 5*h = -40310. Is w composite?
True
Let g = -3418 - -67827. Is g composite?
True
Suppose -d + 14 = 6*d. Suppose 2*w = -2*p + 12 - d, 11 = w + 4*p. Is w/((-18)/12) - 1002/(-2) composite?
False
Suppose 15*b - 11*b = -l + 70935, 0 = l + b - 70932. Is l a prime number?
False
Let w(y) = 119*y**2 + 10*y - 5. Let t(r) = 22*r**2 - 3*r + 4. Let b be t(2). Let f = 90 - b. Is w(f) composite?
True
Let s = -6 - -8. Suppose 5*o + 2*i - 106384 = 0, -s*i + 28523 = 2*o - 14033. Suppose 0 = -6*h + o - 5358. Is h a composite number?
True
Suppose -s + 570 = -6*s. Let q be s + 1/((-2)/12*-3). Let r = q - -699. Is r a prime number?
True
Is (9 - (-168852 + 5)) + -5 prime?
True
Is ((50/(-550))/(5/10))/(2/(-6531998)) a prime number?
False
Let t be ((-1740)/(-8))/(12/80). Let l = -2 + 4. Suppose 2 = -2*m, l*m + 1465 = 3*v - t. Is v prime?
True
Suppose 3*g - 21 = -3*r, r - 38 = -5*g - 3*r. Is (288/45)/(-8) - (-5418)/g a composite number?
False
Let s be (-696)/12*(-7 + 2). Let b be 6/(2 + s/(-148)). Suppose b = -21*t + 25*t. Is t composite?
False
Let y(j) = -3*j - 19. Let n be y(-6). Is 29/(-58) + (n - 12058/(-4)) a prime number?
False
Let l(o) = -o**2 - 10*o + 78. Let u be l(16). Let i = 13233 + 